{"id":17,"date":"2020-04-30T17:09:37","date_gmt":"2020-04-30T15:09:37","guid":{"rendered":"http:\/\/www.c-s-avocats.fr\/?page_id=17"},"modified":"2020-08-21T10:15:35","modified_gmt":"2020-08-21T08:15:35","slug":"vos-besoins","status":"publish","type":"page","link":"https:\/\/www.c-s-avocats.fr\/?page_id=17","title":{"rendered":"[ Notre \u00e9quipe ]"},"content":{"rendered":"\t\t<div data-elementor-type=\"wp-page\" data-elementor-id=\"17\" class=\"elementor elementor-17\" data-elementor-settings=\"[]\">\n\t\t\t\t\t\t<div class=\"elementor-inner\">\n\t\t\t\t\t\t\t<div class=\"elementor-section-wrap\">\n\t\t\t\t\t\t\t<section class=\"elementor-section elementor-top-section elementor-element elementor-element-30b4294 elementor-section-boxed elementor-section-height-default elementor-section-height-default\" data-id=\"30b4294\" data-element_type=\"section\">\n\t\t\t\t\t\t<div class=\"elementor-container elementor-column-gap-default\">\n\t\t\t\t\t\t\t<div class=\"elementor-row\">\n\t\t\t\t\t<div class=\"elementor-column elementor-col-100 elementor-top-column elementor-element elementor-element-8a9316a\" data-id=\"8a9316a\" data-element_type=\"column\">\n\t\t\t<div class=\"elementor-column-wrap elementor-element-populated\">\n\t\t\t\t\t\t\t<div class=\"elementor-widget-wrap\">\n\t\t\t\t\t\t<div class=\"elementor-element elementor-element-26f4273 elementor-widget elementor-widget-spacer\" data-id=\"26f4273\" data-element_type=\"widget\" data-widget_type=\"spacer.default\">\n\t\t\t\t<div class=\"elementor-widget-container\">\n\t\t\t\t\t<div class=\"elementor-spacer\">\n\t\t\t<div class=\"elementor-spacer-inner\"><\/div>\n\t\t<\/div>\n\t\t\t\t<\/div>\n\t\t\t\t<\/div>\n\t\t\t\t\t\t<\/div>\n\t\t\t\t\t<\/div>\n\t\t<\/div>\n\t\t\t\t\t\t\t\t<\/div>\n\t\t\t\t\t<\/div>\n\t\t<\/section>\n\t\t\t\t<section class=\"elementor-section elementor-top-section elementor-element elementor-element-81708b7 elementor-section-boxed elementor-section-height-default elementor-section-height-default\" data-id=\"81708b7\" data-element_type=\"section\">\n\t\t\t\t\t\t<div class=\"elementor-container elementor-column-gap-default\">\n\t\t\t\t\t\t\t<div class=\"elementor-row\">\n\t\t\t\t\t<div class=\"elementor-column elementor-col-100 elementor-top-column elementor-element elementor-element-49b6ce3\" data-id=\"49b6ce3\" data-element_type=\"column\">\n\t\t\t<div class=\"elementor-column-wrap elementor-element-populated\">\n\t\t\t\t\t\t\t<div class=\"elementor-widget-wrap\">\n\t\t\t\t\t\t<div class=\"elementor-element elementor-element-ecab14f elementor-widget elementor-widget-text-editor\" data-id=\"ecab14f\" data-element_type=\"widget\" data-widget_type=\"text-editor.default\">\n\t\t\t\t<div class=\"elementor-widget-container\">\n\t\t\t\t\t\t\t\t<div class=\"elementor-text-editor elementor-clearfix\">\n\t\t\t\t\tUne \u00e9quipe engag\u00e9e, passionn\u00e9e et d\u00e9di\u00e9e, pour vos besoins juridiques d\u2019aujourd\u2019hui ainsi que ceux de demain. <br>Proches de vous pour aller plus loin\u2026\t\t\t\t\t<\/div>\n\t\t\t\t\t\t<\/div>\n\t\t\t\t<\/div>\n\t\t\t\t<div class=\"elementor-element elementor-element-54876d1 elementor-widget-divider--view-line elementor-widget elementor-widget-divider\" data-id=\"54876d1\" data-element_type=\"widget\" data-widget_type=\"divider.default\">\n\t\t\t\t<div class=\"elementor-widget-container\">\n\t\t\t\t\t<div class=\"elementor-divider\">\n\t\t\t<span class=\"elementor-divider-separator\">\n\t\t\t\t\t\t<\/span>\n\t\t<\/div>\n\t\t\t\t<\/div>\n\t\t\t\t<\/div>\n\t\t\t\t<section class=\"elementor-section elementor-inner-section elementor-element elementor-element-51c4c573 elementor-reverse-mobile elementor-section-boxed elementor-section-height-default elementor-section-height-default\" data-id=\"51c4c573\" data-element_type=\"section\" data-settings=\"{&quot;background_background&quot;:&quot;classic&quot;}\">\n\t\t\t\t\t\t<div class=\"elementor-container elementor-column-gap-default\">\n\t\t\t\t\t\t\t<div class=\"elementor-row\">\n\t\t\t\t\t<div class=\"elementor-column elementor-col-50 elementor-inner-column elementor-element elementor-element-40d41ae4\" data-id=\"40d41ae4\" data-element_type=\"column\">\n\t\t\t<div class=\"elementor-column-wrap elementor-element-populated\">\n\t\t\t\t\t\t\t<div class=\"elementor-widget-wrap\">\n\t\t\t\t\t\t<div class=\"elementor-element elementor-element-655d9f4 elementor-widget elementor-widget-text-editor\" data-id=\"655d9f4\" data-element_type=\"widget\" data-widget_type=\"text-editor.default\">\n\t\t\t\t<div class=\"elementor-widget-container\">\n\t\t\t\t\t\t\t\t<div class=\"elementor-text-editor elementor-clearfix\">\n\t\t\t\t\t<p><strong><span style=\"color: #009ca8;\">[ <\/span><\/strong>Jessica BRON\u00a0<b><span style=\"color: #009ca8;\">]<\/span><\/b><\/p>\t\t\t\t\t<\/div>\n\t\t\t\t\t\t<\/div>\n\t\t\t\t<\/div>\n\t\t\t\t<div class=\"elementor-element elementor-element-364e454d elementor-widget elementor-widget-text-editor\" data-id=\"364e454d\" data-element_type=\"widget\" data-widget_type=\"text-editor.default\">\n\t\t\t\t<div class=\"elementor-widget-container\">\n\t\t\t\t\t\t\t\t<div class=\"elementor-text-editor elementor-clearfix\">\n\t\t\t\t\tTitulaire des dipl\u00f4mes de Magist\u00e8re Juriste d\u2019Affaires, Juriste Conseil d\u2019Entreprises (DJCE), DESS droit des affaires et fiscalit\u00e9, et du Certificat d\u2019Aptitude \u00e0 la Profession d\u2019Avocat (CAPA), Jessica est passionn\u00e9e par son m\u00e9tier.<br>\nFid\u00e8le \u00e0 la pens\u00e9e de Confucius, elle a choisit un travail qu\u2019elle aime, pour ne pas avoir \u00e0 travailler un seul jour de sa vie\u00a0!<br>\nSon r\u00eave est de pouvoir accompagner chaque entrepreneur au bout de ses ambitions, car chaque entreprise est un peu la sienne.\n\nBien s\u00fbr elle sait allier vie professionnelle et vie de famille.\t\t\t\t\t<\/div>\n\t\t\t\t\t\t<\/div>\n\t\t\t\t<\/div>\n\t\t\t\t<div class=\"elementor-element elementor-element-811be7d elementor-shape-square e-grid-align-left e-grid-align-center elementor-grid-0 elementor-widget elementor-widget-social-icons\" data-id=\"811be7d\" data-element_type=\"widget\" data-widget_type=\"social-icons.default\">\n\t\t\t\t<div class=\"elementor-widget-container\">\n\t\t\t\t\t<div class=\"elementor-social-icons-wrapper elementor-grid\">\n\t\t\t\t\t\t\t<div class=\"elementor-grid-item\">\n\t\t\t\t\t<a class=\"elementor-icon elementor-social-icon elementor-social-icon-linkedin-in elementor-repeater-item-b09e6dd\" href=\"https:\/\/www.linkedin.com\/in\/jessica-bron-b7173367\/?originalSubdomain=fr\" target=\"_blank\">\n\t\t\t\t\t\t<span class=\"elementor-screen-only\">Linkedin-in<\/span>\n\t\t\t\t\t\t<i class=\"fab fa-linkedin-in\"><\/i>\t\t\t\t\t<\/a>\n\t\t\t\t<\/div>\n\t\t\t\t\t<\/div>\n\t\t\t\t<\/div>\n\t\t\t\t<\/div>\n\t\t\t\t\t\t<\/div>\n\t\t\t\t\t<\/div>\n\t\t<\/div>\n\t\t\t\t<div class=\"elementor-column elementor-col-50 elementor-inner-column elementor-element elementor-element-5866c8bd\" data-id=\"5866c8bd\" data-element_type=\"column\">\n\t\t\t<div class=\"elementor-column-wrap elementor-element-populated\">\n\t\t\t\t\t\t\t<div class=\"elementor-widget-wrap\">\n\t\t\t\t\t\t<div class=\"elementor-element elementor-element-6e8bde40 elementor-widget elementor-widget-image\" data-id=\"6e8bde40\" data-element_type=\"widget\" data-widget_type=\"image.default\">\n\t\t\t\t<div class=\"elementor-widget-container\">\n\t\t\t\t\t\t\t\t<div class=\"elementor-image\">\n\t\t\t\t\t\t\t\t\t\t\t\t<img src=\"https:\/\/www.c-s-avocats.fr\/wp-content\/uploads\/2020\/06\/Jessica-Bron1.jpg\" title=\"Jessica-Bron1\" alt=\"Jessica-Bron1\" \/>\t\t\t\t\t\t\t\t\t\t\t\t\t\t<\/div>\n\t\t\t\t\t\t<\/div>\n\t\t\t\t<\/div>\n\t\t\t\t\t\t<\/div>\n\t\t\t\t\t<\/div>\n\t\t<\/div>\n\t\t\t\t\t\t\t\t<\/div>\n\t\t\t\t\t<\/div>\n\t\t<\/section>\n\t\t\t\t<section class=\"elementor-section elementor-inner-section elementor-element elementor-element-12e5299 elementor-reverse-mobile elementor-section-boxed elementor-section-height-default elementor-section-height-default\" data-id=\"12e5299\" data-element_type=\"section\">\n\t\t\t\t\t\t<div class=\"elementor-container elementor-column-gap-default\">\n\t\t\t\t\t\t\t<div class=\"elementor-row\">\n\t\t\t\t\t<div class=\"elementor-column elementor-col-50 elementor-inner-column elementor-element elementor-element-5b36d0b\" data-id=\"5b36d0b\" data-element_type=\"column\">\n\t\t\t<div class=\"elementor-column-wrap elementor-element-populated\">\n\t\t\t\t\t\t\t<div class=\"elementor-widget-wrap\">\n\t\t\t\t\t\t<div class=\"elementor-element elementor-element-346cbc3 elementor-widget elementor-widget-image\" data-id=\"346cbc3\" data-element_type=\"widget\" data-widget_type=\"image.default\">\n\t\t\t\t<div class=\"elementor-widget-container\">\n\t\t\t\t\t\t\t\t<div class=\"elementor-image\">\n\t\t\t\t\t\t\t\t\t\t\t\t<img src=\"https:\/\/www.c-s-avocats.fr\/wp-content\/uploads\/2020\/06\/Anouk-Simon.jpg\" title=\"Anouk-Simon\" alt=\"Anouk-Simon\" \/>\t\t\t\t\t\t\t\t\t\t\t\t\t\t<\/div>\n\t\t\t\t\t\t<\/div>\n\t\t\t\t<\/div>\n\t\t\t\t\t\t<\/div>\n\t\t\t\t\t<\/div>\n\t\t<\/div>\n\t\t\t\t<div class=\"elementor-column elementor-col-50 elementor-inner-column elementor-element elementor-element-15839f4\" data-id=\"15839f4\" data-element_type=\"column\">\n\t\t\t<div class=\"elementor-column-wrap elementor-element-populated\">\n\t\t\t\t\t\t\t<div class=\"elementor-widget-wrap\">\n\t\t\t\t\t\t<div class=\"elementor-element elementor-element-0fddef1 elementor-widget elementor-widget-text-editor\" data-id=\"0fddef1\" data-element_type=\"widget\" data-widget_type=\"text-editor.default\">\n\t\t\t\t<div class=\"elementor-widget-container\">\n\t\t\t\t\t\t\t\t<div class=\"elementor-text-editor elementor-clearfix\">\n\t\t\t\t\t<p><strong><span style=\"color: #009ca8;\">[ <\/span><\/strong>Anouk SIMON\u00a0<b><span style=\"color: #009ca8;\">]<\/span><\/b><\/p>\t\t\t\t\t<\/div>\n\t\t\t\t\t\t<\/div>\n\t\t\t\t<\/div>\n\t\t\t\t<div class=\"elementor-element elementor-element-7428237 elementor-widget elementor-widget-text-editor\" data-id=\"7428237\" data-element_type=\"widget\" data-widget_type=\"text-editor.default\">\n\t\t\t\t<div class=\"elementor-widget-container\">\n\t\t\t\t\t\t\t\t<div class=\"elementor-text-editor elementor-clearfix\">\n\t\t\t\t\t<p>Anouk a obtenu son Certificat d\u2019Aptitude \u00e0 la Profession d\u2019Avocat (CAPA) et a pr\u00eat\u00e9 serment en d\u00e9cembre 2016. Form\u00e9e chez C&amp;S\u00a0AVOCATS, elle y a naturellement prolong\u00e9 son exp\u00e9rience professionnelle en qualit\u00e9 de Collaboratrice.<br \/>Anouk a toujours souhait\u00e9 placer l&rsquo;humain au c\u0153ur de son exercice.<br \/>C&rsquo;est pourquoi, dans un cabinet \u00e0 taille humaine comme C&amp;S\u00a0AVOCATS, elle appr\u00e9cie la proximit\u00e9 et la possibilit\u00e9 de privil\u00e9gier les relations, et s&rsquo;enrichit de chaque \u00e9change et chaque dossier.<br \/>Sa jeunesse et son dynamisme seront mis \u00e0 profit dans le suivi de votre projet et dans votre accompagnement.<\/p>\t\t\t\t\t<\/div>\n\t\t\t\t\t\t<\/div>\n\t\t\t\t<\/div>\n\t\t\t\t\t\t<\/div>\n\t\t\t\t\t<\/div>\n\t\t<\/div>\n\t\t\t\t\t\t\t\t<\/div>\n\t\t\t\t\t<\/div>\n\t\t<\/section>\n\t\t\t\t\t\t<\/div>\n\t\t\t\t\t<\/div>\n\t\t<\/div>\n\t\t\t\t\t\t\t\t<\/div>\n\t\t\t\t\t<\/div>\n\t\t<\/section>\n\t\t\t\t<section class=\"elementor-section elementor-top-section elementor-element elementor-element-2750169 elementor-section-boxed elementor-section-height-default elementor-section-height-default\" data-id=\"2750169\" data-element_type=\"section\">\n\t\t\t\t\t\t<div class=\"elementor-container elementor-column-gap-default\">\n\t\t\t\t\t\t\t<div class=\"elementor-row\">\n\t\t\t\t\t<div class=\"elementor-column elementor-col-100 elementor-top-column elementor-element elementor-element-c50e0a6\" data-id=\"c50e0a6\" data-element_type=\"column\" data-settings=\"{&quot;background_background&quot;:&quot;classic&quot;}\">\n\t\t\t<div class=\"elementor-column-wrap elementor-element-populated\">\n\t\t\t\t\t\t\t<div class=\"elementor-widget-wrap\">\n\t\t\t\t\t\t<div class=\"elementor-element elementor-element-b1278f9 elementor-widget elementor-widget-text-editor\" data-id=\"b1278f9\" data-element_type=\"widget\" data-widget_type=\"text-editor.default\">\n\t\t\t\t<div class=\"elementor-widget-container\">\n\t\t\t\t\t\t\t\t<div class=\"elementor-text-editor elementor-clearfix\">\n\t\t\t\t\t<strong><span style=\"color: #009ca8;\">[ <\/span><\/strong>NOS PARTENAIRES\u00a0<b><span style=\"color: #009ca8;\">]<\/span><\/b>\t\t\t\t\t<\/div>\n\t\t\t\t\t\t<\/div>\n\t\t\t\t<\/div>\n\t\t\t\t<div class=\"elementor-element elementor-element-a499f4a elementor-widget elementor-widget-text-editor\" data-id=\"a499f4a\" data-element_type=\"widget\" data-widget_type=\"text-editor.default\">\n\t\t\t\t<div class=\"elementor-widget-container\">\n\t\t\t\t\t\t\t\t<div class=\"elementor-text-editor elementor-clearfix\">\n\t\t\t\t\t<p>Pour les autres domaines du droit comme le droit du travail, le droit p\u00e9nal ou le droit immobilier, nous nous tournons vers des confr\u00e8res qualifi\u00e9s et sur demande nous pouvons continuer de vous accompagner ou faire le lien, car nous sommes investis et engag\u00e9s aupr\u00e8s de vous.<\/p><p>En expertise-comptable, nous vous aidons \u00e0 trouver les meilleurs partenaires dont\u00a0\u00a0<strong><a href=\"https:\/\/www.mtjconseil.fr\/\" target=\"_blank\" rel=\"noopener\">MTJ Expertise Conseil<\/a><\/strong><\/p><p><br \/>L\u2019engagement de chacun nourrit l\u2019\u00e9nergie collective. Dans le prolongement de notre investissement et de nos engagements, nous vous accompagnerons pour satisfaire vos ambitions.<\/p>\t\t\t\t\t<\/div>\n\t\t\t\t\t\t<\/div>\n\t\t\t\t<\/div>\n\t\t\t\t\t\t<\/div>\n\t\t\t\t\t<\/div>\n\t\t<\/div>\n\t\t\t\t\t\t\t\t<\/div>\n\t\t\t\t\t<\/div>\n\t\t<\/section>\n\t\t\t\t<section class=\"elementor-section elementor-top-section elementor-element elementor-element-9fb3997 elementor-section-boxed elementor-section-height-default elementor-section-height-default\" data-id=\"9fb3997\" data-element_type=\"section\">\n\t\t\t\t\t\t<div class=\"elementor-container elementor-column-gap-default\">\n\t\t\t\t\t\t\t<div class=\"elementor-row\">\n\t\t\t\t\t<div class=\"elementor-column elementor-col-100 elementor-top-column elementor-element elementor-element-505f795\" data-id=\"505f795\" data-element_type=\"column\">\n\t\t\t<div class=\"elementor-column-wrap elementor-element-populated\">\n\t\t\t\t\t\t\t<div class=\"elementor-widget-wrap\">\n\t\t\t\t\t\t<div class=\"elementor-element elementor-element-a75544d elementor-widget elementor-widget-spacer\" data-id=\"a75544d\" data-element_type=\"widget\" data-widget_type=\"spacer.default\">\n\t\t\t\t<div class=\"elementor-widget-container\">\n\t\t\t\t\t<div class=\"elementor-spacer\">\n\t\t\t<div class=\"elementor-spacer-inner\"><\/div>\n\t\t<\/div>\n\t\t\t\t<\/div>\n\t\t\t\t<\/div>\n\t\t\t\t\t\t<\/div>\n\t\t\t\t\t<\/div>\n\t\t<\/div>\n\t\t\t\t\t\t\t\t<\/div>\n\t\t\t\t\t<\/div>\n\t\t<\/section>\n\t\t\t\t\t\t<\/div>\n\t\t\t\t\t\t<\/div>\n\t\t\t\t\t<\/div>\n\t\t","protected":false},"excerpt":{"rendered":"<p>Une \u00e9quipe engag\u00e9e, passionn\u00e9e et d\u00e9di\u00e9e, pour vos besoins juridiques d\u2019aujourd\u2019hui ainsi que ceux de demain. Proches de vous pour aller plus loin\u2026 [ Jessica BRON&nbsp;] Titulaire des dipl\u00f4mes de Magist\u00e8re Juriste d\u2019Affaires, Juriste Conseil d\u2019Entreprises (DJCE), DESS droit des affaires et fiscalit\u00e9, et du Certificat d\u2019Aptitude \u00e0 la Profession d\u2019Avocat (CAPA), Jessica est passionn\u00e9e &hellip;<\/p>\n<p class=\"read-more\"> <a class=\"\" href=\"https:\/\/www.c-s-avocats.fr\/?page_id=17\"> <span class=\"screen-reader-text\">[ Notre \u00e9quipe ]<\/span> Lire la suite\u00a0\u00bb<\/a><\/p>\n","protected":false},"author":1,"featured_media":0,"parent":0,"menu_order":0,"comment_status":"closed","ping_status":"closed","template":"","meta":[],"yoast_head":"<!-- This site is optimized with the Yoast SEO plugin v15.5 - https:\/\/yoast.com\/wordpress\/plugins\/seo\/ -->\n<title>[ Notre \u00e9quipe ] - C-S-AVOCATS<\/title>\n<meta name=\"robots\" content=\"index, follow, max-snippet:-1, max-image-preview:large, max-video-preview:-1\" \/>\n<link rel=\"canonical\" href=\"https:\/\/www.c-s-avocats.fr\/?page_id=17\" \/>\n<meta property=\"og:locale\" content=\"fr_FR\" \/>\n<meta property=\"og:type\" content=\"article\" \/>\n<meta property=\"og:title\" content=\"[ Notre \u00e9quipe ] - C-S-AVOCATS\" \/>\n<meta property=\"og:description\" content=\"Une \u00e9quipe engag\u00e9e, passionn\u00e9e et d\u00e9di\u00e9e, pour vos besoins juridiques d\u2019aujourd\u2019hui ainsi que ceux de demain. Proches de vous pour aller plus loin\u2026 [ Jessica BRON&nbsp;] Titulaire des dipl\u00f4mes de Magist\u00e8re Juriste d\u2019Affaires, Juriste Conseil d\u2019Entreprises (DJCE), DESS droit des affaires et fiscalit\u00e9, et du Certificat d\u2019Aptitude \u00e0 la Profession d\u2019Avocat (CAPA), Jessica est passionn\u00e9e &hellip; [ Notre \u00e9quipe ] Lire la suite\u00a0\u00bb\" \/>\n<meta property=\"og:url\" content=\"https:\/\/www.c-s-avocats.fr\/?page_id=17\" \/>\n<meta property=\"og:site_name\" content=\"C-S-AVOCATS\" \/>\n<meta property=\"article:modified_time\" content=\"2020-08-21T08:15:35+00:00\" \/>\n<meta property=\"og:image\" content=\"http:\/\/www.c-s-avocats.fr\/wp-content\/uploads\/elementor\/thumbs\/Jessica-Bron1-orftrsv6ua6bq5y9p2yaxuodo1a0sbenmn35yujbt4.jpg\" \/>\n<meta name=\"twitter:card\" content=\"summary_large_image\" \/>\n<meta name=\"twitter:label1\" content=\"Dur\u00e9e de lecture est.\">\n\t<meta name=\"twitter:data1\" content=\"1 minute\">\n<script type=\"application\/ld+json\" class=\"yoast-schema-graph\">{\"@context\":\"https:\/\/schema.org\",\"@graph\":[{\"@type\":\"WebSite\",\"@id\":\"https:\/\/www.c-s-avocats.fr\/#website\",\"url\":\"https:\/\/www.c-s-avocats.fr\/\",\"name\":\"C-S-AVOCATS\",\"description\":\"Conseil &amp; Strat\\u00e9gie\",\"potentialAction\":[{\"@type\":\"SearchAction\",\"target\":\"https:\/\/www.c-s-avocats.fr\/?s={search_term_string}\",\"query-input\":\"required name=search_term_string\"}],\"inLanguage\":\"fr-FR\"},{\"@type\":\"ImageObject\",\"@id\":\"https:\/\/www.c-s-avocats.fr\/?page_id=17#primaryimage\",\"inLanguage\":\"fr-FR\",\"url\":\"http:\/\/www.c-s-avocats.fr\/wp-content\/uploads\/elementor\/thumbs\/Jessica-Bron1-orftrsv6ua6bq5y9p2yaxuodo1a0sbenmn35yujbt4.jpg\"},{\"@type\":\"WebPage\",\"@id\":\"https:\/\/www.c-s-avocats.fr\/?page_id=17#webpage\",\"url\":\"https:\/\/www.c-s-avocats.fr\/?page_id=17\",\"name\":\"[ Notre \\u00e9quipe ] - C-S-AVOCATS\",\"isPartOf\":{\"@id\":\"https:\/\/www.c-s-avocats.fr\/#website\"},\"primaryImageOfPage\":{\"@id\":\"https:\/\/www.c-s-avocats.fr\/?page_id=17#primaryimage\"},\"datePublished\":\"2020-04-30T15:09:37+00:00\",\"dateModified\":\"2020-08-21T08:15:35+00:00\",\"inLanguage\":\"fr-FR\",\"potentialAction\":[{\"@type\":\"ReadAction\",\"target\":[\"https:\/\/www.c-s-avocats.fr\/?page_id=17\"]}]}]}<\/script>\n<!-- \/ Yoast SEO plugin. -->","_links":{"self":[{"href":"https:\/\/www.c-s-avocats.fr\/index.php?rest_route=\/wp\/v2\/pages\/17"}],"collection":[{"href":"https:\/\/www.c-s-avocats.fr\/index.php?rest_route=\/wp\/v2\/pages"}],"about":[{"href":"https:\/\/www.c-s-avocats.fr\/index.php?rest_route=\/wp\/v2\/types\/page"}],"author":[{"embeddable":true,"href":"https:\/\/www.c-s-avocats.fr\/index.php?rest_route=\/wp\/v2\/users\/1"}],"replies":[{"embeddable":true,"href":"https:\/\/www.c-s-avocats.fr\/index.php?rest_route=%2Fwp%2Fv2%2Fcomments&post=17"}],"version-history":[{"count":75,"href":"https:\/\/www.c-s-avocats.fr\/index.php?rest_route=\/wp\/v2\/pages\/17\/revisions"}],"predecessor-version":[{"id":944,"href":"https:\/\/www.c-s-avocats.fr\/index.php?rest_route=\/wp\/v2\/pages\/17\/revisions\/944"}],"wp:attachment":[{"href":"https:\/\/www.c-s-avocats.fr\/index.php?rest_route=%2Fwp%2Fv2%2Fmedia&parent=17"}],"curies":[{"name":"wp","href":"https:\/\/api.w.org\/{rel}","templated":true}]}}